{"id":124,"date":"2025-07-20T19:34:21","date_gmt":"2025-07-20T17:34:21","guid":{"rendered":"http:\/\/www.problegone.cz\/?page_id=124"},"modified":"2025-07-20T21:06:43","modified_gmt":"2025-07-20T19:06:43","slug":"mame-roky-zkusenosti","status":"publish","type":"page","link":"https:\/\/www.problegone.cz\/?page_id=124","title":{"rendered":"M\u00e1me roky zku\u0161enost\u00ed"},"content":{"rendered":"\n<p>s v\u00fdukou, administrativou i ka\u017edodenn\u00edmi z\u00e1drhely.<\/p>\n\n\n<div class=\"claps-toggle-text\" style=\"--collapse-hf:1px;--collapse-ht:1px;\" data-title=\"Zobrazit v\u00edce\" data-swaptitle=\"Collapse to read less\" data-icon=\"&#9660;\" data-swapicon=\"&#9650;\" data-ht=\"1px\" data-hf=\"1px\" data-above=\"0\"><div class=\"claps-text-inner claps-text-toggle-collapsed\"><\/p>\n<p data-start=\"271\" data-end=\"450\">Na za\u010d\u00e1tku jsme pom\u00e1hali zn\u00e1m\u00fdm a kamar\u00e1d\u016fm \u2013 s formul\u00e1\u0159i, \u017e\u00e1dostmi, smlouvami i b\u011b\u017en\u00fdmi ot\u00e1zkami \u017eivota. Postupn\u011b n\u00e1s za\u010dalo oslovovat \u010d\u00edm d\u00e1l v\u00edc lid\u00ed, a tak vzniklo Problegone.<\/p>\n<p data-start=\"452\" data-end=\"632\">Nejsme \u00fa\u0159edn\u00edci ani pr\u00e1vn\u00edci. Ale zn\u00e1me syst\u00e9m a um\u00edme ho p\u0159elo\u017eit do lidsk\u00e9 \u0159e\u010di. V\u00edme, kde za\u010d\u00edt, na co si d\u00e1t pozor, jak v\u011bci dot\u00e1hnout do konce \u2013 a nenech\u00e1me v\u00e1s v tom samotn\u00e9.<\/p>\n<p data-start=\"634\" data-end=\"859\">M\u00e1me v\u00edc ne\u017e deset let zku\u0161enost\u00ed s veden\u00edm dom\u00e1c\u00edho vzd\u011bl\u00e1v\u00e1n\u00ed, konzultacemi pro rodi\u010de, p\u0159\u00edpravou d\u011bt\u00ed k p\u0159ezkou\u0161en\u00ed i komunikac\u00ed se \u0161kolami. V\u00edme, co v\u0161echno \u0161kola nemus\u00ed b\u00fdt \u2013 a jak hledat \u0159e\u0161en\u00ed na m\u00edru d\u00edt\u011bti i rodi\u010d\u016fm.<\/p>\n<p data-start=\"861\" data-end=\"1071\">Denn\u011b pracujeme s b\u011b\u017en\u00fdmi lidmi i s t\u011bmi, kte\u0159\u00ed se v syst\u00e9mu ztr\u00e1cej\u00ed v\u00edc ne\u017e ostatn\u00ed. Pom\u00e1h\u00e1me orientovat se v pap\u00edrech, smlouv\u00e1ch, d\u00e1vk\u00e1ch, n\u00e1jemn\u00edch vztaz\u00edch, evidenci doklad\u016f nebo projektov\u00fdch vy\u00fa\u010dtov\u00e1n\u00edch.<\/p>\n<p data-start=\"1073\" data-end=\"1173\">Stav\u00edme na zku\u0161enosti, ne na raz\u00edtk\u00e1ch. A v\u00edme, \u017ee oby\u010dejn\u00e1 lidskost b\u00fdv\u00e1 d\u016fle\u017eit\u011bj\u0161\u00ed ne\u017e paragrafy.<\/p>\n<p data-start=\"1175\" data-end=\"1184\"><\/div><\/div>\n","protected":false},"excerpt":{"rendered":"<p>s v\u00fdukou, administrativou i ka\u017edodenn\u00edmi z\u00e1drhely.<\/p>\n","protected":false},"author":1,"featured_media":0,"parent":0,"menu_order":0,"comment_status":"closed","ping_status":"closed","template":"","meta":{"footnotes":""},"class_list":["post-124","page","type-page","status-publish","hentry"],"_links":{"self":[{"href":"https:\/\/www.problegone.cz\/index.php?rest_route=\/wp\/v2\/pages\/124","targetHints":{"allow":["GET"]}}],"collection":[{"href":"https:\/\/www.problegone.cz\/index.php?rest_route=\/wp\/v2\/pages"}],"about":[{"href":"https:\/\/www.problegone.cz\/index.php?rest_route=\/wp\/v2\/types\/page"}],"author":[{"embeddable":true,"href":"https:\/\/www.problegone.cz\/index.php?rest_route=\/wp\/v2\/users\/1"}],"replies":[{"embeddable":true,"href":"https:\/\/www.problegone.cz\/index.php?rest_route=%2Fwp%2Fv2%2Fcomments&post=124"}],"version-history":[{"count":3,"href":"https:\/\/www.problegone.cz\/index.php?rest_route=\/wp\/v2\/pages\/124\/revisions"}],"predecessor-version":[{"id":160,"href":"https:\/\/www.problegone.cz\/index.php?rest_route=\/wp\/v2\/pages\/124\/revisions\/160"}],"wp:attachment":[{"href":"https:\/\/www.problegone.cz\/index.php?rest_route=%2Fwp%2Fv2%2Fmedia&parent=124"}],"curies":[{"name":"wp","href":"https:\/\/api.w.org\/{rel}","templated":true}]}}